110101
Convert 343710 (base 8) to base 4.
130133020
What is -2623320 (base 13) in base 15?
-10ae69c
What is -1052560 (base 7) in base 6?
-2444431
Convert -322512 (base 8) to base 15.
-21e50
Convert -50674 (base 8) to base 11.
-147a2
Convert -1011110001010111 (base 2) to base 7.
-260366
Convert -1321453 (base 9) to base 7.
-6100215
What is 102202210001121 (base 3) in base 4?
113313010033
What is 302515530 (base 6) in base 12?
1895ba6
a490 (base 14) to base 12
144a6
Convert -121110001230 (base 4) to base 3.
-110111010101000
What is 10110101011001010011000 (base 2) in base 9?
12158520
What is -b26b14 (base 12) in base 4?
-22221103000
What is -1053432 (base 8) in base 5?
-33100232
What is -22032010 (base 5) in base 7?
-1416600
Convert 27a4a61 (base 11) to base 13.
ccb649
104057 (base 13) to base 3
201022110202
Convert 67225 (base 10) to base 11.
46564
-322013122 (base 4) to base 11
-152932
What is 1013625 (base 8) in base 9?
447778
-41b41a (base 13) to base 7
-16035466
13622250 (base 7) to base 13
35bc59
What is 270407 (base 9) in base 12?
7b144
-31635040 (base 7) to base 3
-12002002001101
Convert -67371 (base 11) to base 10.
-97604
What is -dc186 (base 16) in base 9?
-1623567
Convert 20014101 (base 6) to base 2.
10001001001110010101
Convert 31828 (base 15) to base 4.
212112200
Convert -6018a6 (base 15) to base 16.
-459aad
What is -5154222 (base 6) in base 7?
-2053310
Convert -1579b (base 14) to base 6.
-1052205
What is 3c3a8c (base 16) in base 8?
17035214
What is -141046 (base 10) in base 3?
-21011110221
Convert -30143214 (base 6) to base 15.
-11cd4d
What is -1375753 (base 10) in base 14?
-27b521
44250 (base 16) to base 11
180786
What is 27134 (base 16) in base 11?
aa282
36b7a0 (base 16) to base 7
42323446
What is 40120410 (base 5) in base 6?
10443300
Convert 457a4 (base 11) to base 2.
10000001010000100
-121020002 (base 3) to base 14
-444c
What is -2718 (base 14) in base 10?
-6882
What is 68862 (base 9) in base 16?
b34e
What is -11a1449 (base 11) in base 5?
-1013042030
What is -36872 (base 11) in base 10?
-52956
What is -242230 (base 6) in base 13?
-98a3
What is c2a042 (base 13) in base 11?
2617a60
Convert 1003214032 (base 5) to base 3.
10202222121212
-1034423 (base 5) to base 15
-5578
Convert -11011011011010011001000 (base 2) to base 12.
-24a8860
Convert 15097 (base 11) to base 2.
101001110011010
What is 3003000232 (base 4) in base 5?
201030031
What is -1608153 (base 13) in base 4?
-122332221330
-604433 (base 11) to base 3
-1211101112120
What is -320a5 (base 12) in base 16?
-100fd
What is -32445 (base 7) in base 10?
-8118
What is 121502 (base 8) in base 4?
22031002
312314002 (base 6) to base 8
24574222
Convert 3066805 (base 9) to base 11.
a1a212
What is -37263 (base 12) in base 2?
-10010001110101011
Convert -27dc2 (base 14) to base 2.
-11000000111000110
What is 15876134 (base 9) in base 15?
a74604
46e4cf (base 16) to base 12
1680867
Convert -65a9c6 (base 16) to base 3.
-110112111100220
-2753 (base 10) to base 14
-1009
-5535414 (base 6) to base 7
-2233255
Convert -1303653 (base 8) to base 15.
-725ab
Convert -1397246 (base 11) to base 10.
-2396092
Convert -6e346a (base 16) to base 9.
-14527214
What is -131224 (base 5) in base 14?
-1c69
Convert -3255054 (base 7) to base 8.
-1415700
Convert -5a81 (base 16) to base 14.
-862d
What is -10110001111111011111001 (base 2) in base 3?
-101222022121100
-402033 (base 6) to base 2
-111101101000101
What is -14047162 (base 10) in base 16?
-d657ba
10100011000001010 (base 2) to base 10
83466
Convert 21000041 (base 5) to base 2.
101001111101111000
Convert ca8362 (base 14) to base 4.
122022332002
-122201323 (base 4) to base 8
-324173
Convert 130032321100 (base 4) to base 3.
111221000022121
-11420233 (base 7) to base 5
-224411334
Convert -20020001121122 (base 3) to base 4.
-30213212102
What is -6057715 (base 8) in base 13?
-43c101
Convert -16d5a9 (base 16) to base 15.
-1e860e
What is -6443273 (base 8) in base 13?
-483a7b
Convert -63949b (base 12) to base 11.
-983719
Convert -52c421 (base 16) to base 3.
-101012120112212
What is 10011000101100110 (base 2) in base 14?
206c6
Convert -103423133 (base 5) to base 8.
-1562124
What is 65633 (base 9) in base 6?
533303
2676486 (base 10) to base 5
1141121421
Convert 10423374 (base 10) to base 13.
220c4a0
Convert 6e089 (base 15) to base 11.
21a899
41649 (base 12) to base 5
10214333
What is -3936c (base 15) in base 8?
-545363
Convert -127004 (base 8) to base 5.
-2411143
Convert -542345110 (base 6) to base 15.
-ca67d0
Convert -2cc37 (base 13) to base 4.
-110320320
Convert 1120898 (base 10) to base 9.
2087522
What is 1210014401 (base 5) in base 10?
2813726
22500 (base 7) to base 3
21212100
8786714 (base 10) to base 15
b8870e
What is 21921 (base 12) in base 15?
d2d1
Convert 10339a0 (base 12) to base 11.
17a7124
-10322223202 (base 4) to base 13
-3618a6
What is -36872 (base 12) in base 10?
-73814
Convert -18739d (base 14) to base 3.
-1121221200021
344770 (base 11) to base 9
1024600
Convert 12221102021 (base 3) to base 15.
249b4
What is 1010211200022 (base 3) in base 4?
2110030232
Convert -17065 (base 13) to base 12.
-21587
-211020020212 (base 4) to base 9
-20273611
What is 218349 (base 10) in base 12?
a6439
What is -63360 (base 7) in base 13?
-715b
What is 26406166 (base 7) in base 2?
1001001111011001011011
What is 37b1645 (base 12) in base 11?
6196294
-700170 (base 12) to base 9
-3244573
What is 210201101101220 (base 3) in base 10?
11541822
Convert -166355 (base 8) to base 12.
-2b125
-25387 (base 15) to base 14
-314ab
Convert -4333043 (base 6) to base 8.
-642763
-2212210110011 (base 3) to base 16
-175d5c
Convert 1c482 (base 13) to base 16.
d99b
What is 10021323 (base 6) in base 7?
2255454
Convert -1010452 (base 6) to base 3.
-2110000112
-31000232231 (base 4) to base 10
-3410861
What is -452310224 (base 6) in base 14?
-114573a
Convert -cbdd5 (base 15) to base 16.
-9e246
What is 121289 (base 10) in base 7?
1013420
What is 46605 (base 9) in base 3?
1120200012
10111011010000001111000 (base 2) to base 5
3032322203
Convert 1111110102200 (base 3) to base 9.
1443380
Convert -12002121010200 (base 3) to base 12.
-aa73a6
Convert -53424 (base 7) to base 4.
-3033000
100402012 (base 6) to base 3
10012221021022
Convert 6542741 (base 8) to base 4.
12230113201
What is 452115 (base 7) in base 11?
550aa
Convert 11111110011111101100 (base 2) to base 9.
1857825
What is -69b1 (base 12) in base 5?
-334142
What is 528423 (base 11) in base 15?
11a899
Convert -1010022200210 (base 3) to base 15.
-bbc89
Convert 40040112 (base 5) to base 2.
1001100111010011000
What is 195db (base 16) in base 12?
50163
-484a1 (base 15) to base 8
-702227
Convert -1122212012020 (base 3) to base 14.
-18dac8
Convert 23222210230 (base 4) to base 16.
2ea92c
Convert -11011101001110 (base 2) to base 5.
-423113
Convert 3703b (base 13) to base 3.
12010200220
Convert -93bb61 (base 16) to base 6.
-543302545
Convert 220210120 (base 4) to base 10.
166168
Convert -7330c (base 13) to base 10.
-207037
89107 (base 11) to base 6
2434151
What is 747258 (base 10) in base 12?
300536
Convert -1001300130303 (base 4) to base 9.
-35382743
What is 24b0b20 (base 12) in base 2?
11011011101000101001000
Convert 50b5b3 (base 12) to base 15.
19e7d3
Convert -120012100122 (base 3) to base 12.
-125152
Convert -1210210120021 (base 3) to base 10.
-960505
Convert -170504 (base 8) to base 9.
-103646
What is -1934137 (base 10) in base 15?
-283127
205594 (base 15) to base 16
177379
Convert b6e851 (base 15) to base 8.
41153721
Convert 55503300 (base 6) to base 13.
467403
What is 1500435 (base 7) in base 6?
4154430
What is 30204034 (base 5) in base 7?
2023021
Convert -123310313 (base 5) to base 9.
-1120265
What is 100001101011111010 (base 2) in base 8?
415372
Convert 1430211 (base 7) to base 16.
2eeba
What is -10564611 (base 7) in base 10?
-923658
Convert -573252 (base 16) to base 10.
-5714514
What is -20012022101000 (base 3) in base 2?
-1100100011111111101011
What is 472e8 (base 15) in base 5?
24224133
Convert -87626 (base 9) to base 13.
-205a4
Convert 3436351 (base 7) to base 16.
68e33
13110112331 (base 4) to base 14
37d1a5
Convert 10000111111110001 (base 2) to base 9.
115442
What is -522041240 (base 6) in base 4?
-202203013320
Convert -100780 (base 9) to base 8.
-164